{"id":585,"date":"2025-05-06T14:25:42","date_gmt":"2025-05-06T12:25:42","guid":{"rendered":"https:\/\/lanoterouge.be\/?post_type=product&#038;p=585"},"modified":"2025-05-06T15:12:43","modified_gmt":"2025-05-06T13:12:43","slug":"serum-cils-nanolash-longueur-50-en-30-jours","status":"publish","type":"product","link":"https:\/\/lanoterouge.be\/index.php\/produit\/serum-cils-nanolash-longueur-50-en-30-jours\/","title":{"rendered":"S\u00e9rum cils Nanolash &#8211; Longueur +50% en 30 jours"},"content":{"rendered":"<h2 class=\"section-title product-effects__title\"><strong>DES CILS 50% PLUS LONGS<\/strong><br \/>\nAPR\u00c8S <strong>30 JOURS <\/strong>DE TRAITEMENT<\/h2>\n<div class=\"product-effects__content\">\n<p>Les technologies les plus avanc\u00e9es et plusieurs ann\u00e9es de recherche clinique et dermatologique nous ont permis de concevoir le s\u00e9rum Nanolash. <strong>Un s\u00e9rum pour les cils exceptionnel <\/strong>qui s\u2019av\u00e8re indispensable dans la trousse \u00e0 maquillage de toutes les femmes.<\/p>\n<p>Ce s\u00e9rum actif <strong>stimule les cils <\/strong>pour les rendre <strong>visiblement plus longs <\/strong>, <strong>plus r\u00e9sistants<\/strong> et \u00e9galement<strong> plus fonc\u00e9s<\/strong>.Gr\u00e2ce \u00e0 sa formule sp\u00e9cialement con\u00e7ue, ce cosm\u00e9tique rend les cils plus denses et plus fournis.<\/p>\n<\/div>\n","protected":false},"excerpt":{"rendered":"<p>S\u00e9rum Nanolash EYELASH\u202fSERUM transparent \u2013 3\u202fml. Stimule la pousse, densifie et allonge les cils jusqu\u2019\u00e0 50\u202f% en 30\u202fjours\u202f; test\u00e9 et recommand\u00e9 par les expertes.<\/p>\n","protected":false},"featured_media":582,"comment_status":"open","ping_status":"closed","template":"","meta":{"_joinchat":[]},"product_brand":[],"product_cat":[23],"product_tag":[],"class_list":{"0":"post-585","1":"product","2":"type-product","3":"status-publish","4":"has-post-thumbnail","6":"product_cat-non-classe","8":"first","9":"instock","10":"shipping-taxable","11":"purchasable","12":"product-type-simple"},"_links":{"self":[{"href":"https:\/\/lanoterouge.be\/index.php\/wp-json\/wp\/v2\/product\/585","targetHints":{"allow":["GET"]}}],"collection":[{"href":"https:\/\/lanoterouge.be\/index.php\/wp-json\/wp\/v2\/product"}],"about":[{"href":"https:\/\/lanoterouge.be\/index.php\/wp-json\/wp\/v2\/types\/product"}],"replies":[{"embeddable":true,"href":"https:\/\/lanoterouge.be\/index.php\/wp-json\/wp\/v2\/comments?post=585"}],"wp:featuredmedia":[{"embeddable":true,"href":"https:\/\/lanoterouge.be\/index.php\/wp-json\/wp\/v2\/media\/582"}],"wp:attachment":[{"href":"https:\/\/lanoterouge.be\/index.php\/wp-json\/wp\/v2\/media?parent=585"}],"wp:term":[{"taxonomy":"product_brand","embeddable":true,"href":"https:\/\/lanoterouge.be\/index.php\/wp-json\/wp\/v2\/product_brand?post=585"},{"taxonomy":"product_cat","embeddable":true,"href":"https:\/\/lanoterouge.be\/index.php\/wp-json\/wp\/v2\/product_cat?post=585"},{"taxonomy":"product_tag","embeddable":true,"href":"https:\/\/lanoterouge.be\/index.php\/wp-json\/wp\/v2\/product_tag?post=585"}],"curies":[{"name":"wp","href":"https:\/\/api.w.org\/{rel}","templated":true}]}}